
Suppose 5*y - 2*b = -0*y + 11, 5*y + b = 17. Suppose 5*x - 5*i + 87 = 6*x, -y*x + 318 = -4*i. Calculate the highest common factor of 170 and x.
34
Suppose 0 = 2*v + 5*i - 58 - 0, 5*i = -5*v + 130. What is the greatest common factor of v and 3252?
12
Suppose -951*w - 153 = -952*w. Calculate the highest common divisor of w and 207.
9
Let r be 0 + 5 + -2 + 0 + 2. Suppose -3*c = a - 4, 0*a - a + r*c + 4 = 0. Let y be (6/a)/((-4)/(-6 + -58)). What is the greatest common factor of 16 and y?
8
Suppose -2*a = 18 + 56. Let p = 41 + a. Let w be 13 + p/(4/(-3)). What is the highest common factor of 10 and w?
10
Let b = 22 + -121. Let i = 99 + b. Suppose -176 = -2*k - i*k. Calculate the highest common divisor of k and 220.
44
Let d(a) = 2*a**3 + 58*a**2 + 54*a - 43. Let u be d(-28). Let o = -24 - -167. What is the greatest common divisor of u and o?
13
Let v(t) = -8*t - 47. Let g be v(-5). Let o be (-108)/g - (-32)/56. Let n(m) = -m + 7. Let k be n(-5). What is the highest common factor of o and k?
4
Suppose 6*o + 25696 = 5*k, -1365 + 11657 = 2*k + o. Calculate the highest common divisor of 64 and k.
8
Suppose -410 = -71*s + 61*s. Suppose 169*v - 4920 = 163*v. What is the greatest common factor of s and v?
41
Suppose -6 = -2*c, -8*c + 11*c = 5*i - 36. Calculate the highest common factor of i and 27.
9
Let n = -28 - 26. Let l be 25 + -26 - -13*5. Let s = l + n. Calculate the highest common factor of 90 and s.
10
Let b = 131 - 113. Let h be (-42)/4*(-6 - 3318/49). Calculate the highest common factor of b and h.
18
Let m(l) = l**3 + 2*l**2 - 3. Let t be m(2). Let q(o) = -7*o - 15. Let f = 41 + -45. Let g be q(f). Calculate the highest common divisor of g and t.
13
Let w = -380 - -592. Suppose -13*s + 16*s = 5*z - 372, -3*z = s - w. What is the highest common factor of 45 and z?
9
Suppose 55 = -15*i - 35. Let r be 1 + 10/(-6) + (-40)/i. What is the highest common factor of r and 27?
3
Let l(x) = -2*x**3 - 10*x**2 - 6*x + 3. Let d be l(-6). Suppose 145*t + 1771 = 122*t. Let g = d + t. What is the greatest common divisor of g and 306?
34
Suppose -9 + 6 = r. Suppose 1836 + 2028 = -8*b. Let y be -1 - (-1)/(r/b). Calculate the greatest common factor of y and 32.
32
Let l be 62/(-6) - (-18)/(-27). Let c(a) = a**2 + 14*a + 41. Let x be c(l). Calculate the highest common divisor of x and 40.
8
Suppose -25*v - 12 = -26*v. Suppose 3*d = -5*s - 10, 5*d + s + 1 = -1. Suppose d = 8*f - v*f + 40. Calculate the highest common divisor of 10 and f.
10
Let n = 30075 + -29022. What is the highest common factor of n and 117?
117
Let d be (-12)/(-54) - 212/7*672/(-1728). Let j be 6/4*4/3. Calculate the highest common factor of d and j.
2
Let l = 10613 - 10594. Suppose -5*h + h = -8. Suppose -r = 5*z - 185, -l*r + 15*r = h*z - 92. Calculate the greatest common factor of z and 90.
18
Let w(t) = 53*t - 155. Let y be w(3). What is the greatest common divisor of y and 162?
2
Let z = -85 + 81. Let w be (-2)/z*(9 - (-167 - 4)). Calculate the greatest common divisor of w and 10.
10
Let r be -4 + (2/(-10) - (-796)/5). Suppose -r = h - 14. Let w = -101 - h. What is the highest common factor of 10 and w?
10
Let r(u) be the first derivative of -u**3/3 - 6*u**2 - 11*u + 26. Let q be r(-11). Suppose q = -4*l + 152 - 8. What is the greatest common divisor of 27 and l?
9
Suppose -17 = -q - 12. Let x(y) = -30*y - 145. Let k be x(-10). What is the highest common factor of k and q?
5
Suppose -981*s + 1088*s = 1173683. What is the highest common divisor of s and 7?
7
Suppose -3*x - 3 = 0, -3*o = -2*x - 1295 + 1194. Calculate the highest common divisor of 2937 and o.
33
Let b(t) = -79*t - 790. Let h be b(-10). Let a = -117 - -174. Suppose p = f - h*f + 42, -p = -4*f - a. What is the greatest common divisor of 333 and p?
37
Suppose -4*r + 2*r + 9 = 5*u, 0 = u - 2*r + 3. Let m(z) = 38*z**2 - 7*z + 7. Let q be m(u). Calculate the greatest common divisor of 38 and q.
38
Suppose 3516*s - 3634*s = -34810. Calculate the highest common divisor of s and 3776.
59
Let w = -12 + 16. Suppose y - 201 = x - 6*x, -w*x + 180 = -4*y. Suppose -x = -8*i - 1. What is the greatest common divisor of i and 40?
5
Let h = -7 - -11. Suppose x - o + 9 = 36, 109 = h*x - 3*o. Suppose 967*r = -354*r + 18494. What is the highest common divisor of x and r?
14
Let z = 2015 + 5617. What is the highest common factor of z and 159?
159
Let r(l) = -5*l**3 - 6*l**2 + 1. Let x be r(-4). Suppose -19*n - 30303 = -54*n - 120*n - 7053. What is the highest common divisor of n and x?
75
Suppose -y - 5*f - 64 = 31, -547 = 5*y + f. Let j = -197 - y. Let w be (-2 - 1)*(j/9 - -5). Calculate the greatest common divisor of w and 49.
7
Let l = -3041 - -3073. Calculate the greatest common divisor of l and 10.
2
Let w(v) = -v**3 - 6*v**2 - 9*v - 5. Let s be w(-5). Let p be ((-68)/(-20))/(1/s). What is the highest common divisor of 34 and p?
17
Let c be (-2 - -1)*-2*26/4. Let w = 344 + -175. What is the greatest common factor of w and c?
13
Suppose -134*g = 9*g - 169026. What is the highest common factor of g and 197?
197
Let k be ((-17)/((-102)/(-660)) + -4)*(14 - 42). What is the highest common divisor of k and 24?
24
Suppose 55 = 23*r + 9. Suppose 5*t + 53 = r*m - 57, 16 = -4*t. Calculate the highest common factor of m and 405.
45
Suppose -5*y - 9*y + 1120 = 0. Suppose 3*z - y + 24 = -2*s, -5*z - 90 = -4*s. Calculate the highest common factor of 75 and s.
25
Suppose -4*s + 212 = 4*r, 56 = s + 3*r + r. Let l = 1859 - 1755. What is the greatest common factor of s and l?
52
Let l(v) = -v**2 + 17. Let x be l(-4). Let r be (7/1 - x)*575/10. Calculate the highest common divisor of r and 15.
15
Suppose 951*d = 801*d + 4200. Let o(p) = -4*p**3 + 7*p**2 + 4. Let g be o(-6). Suppose 0*i + 5*i = g. What is the highest common divisor of i and d?
28
Suppose 22 = -3*d + 1, 4*d = -5*f + 3367. Calculate the highest common factor of f and 6208.
97
Suppose -4*l = 3*a - 5, 0 - 3 = -2*a - 3*l. What is the greatest common factor of a and 21?
3
Suppose -4*s = 407*r - 403*r - 60208, -5*s = 4*r - 75264. What is the greatest common divisor of s and 48?
16
Let t(v) = v**3 + 4*v**2 + 2*v - 2. Let y be t(-2). Suppose 552 = 4*a - 4*c, 282 = y*a - 0*c - 4*c. What is the greatest common divisor of 45 and a?
45
Let n = 133 - 139. Let g = -67 - n. Let f = g + 69. Calculate the greatest common factor of f and 1.
1
Let x = 28 + -11. Let l be (12 - 0) + (0 - -5). What is the highest common factor of l and x?
17
Let o(f) = -30*f + 19. Let l be o(11). Let q = 314 + l. Let u = 2 + 7. Calculate the highest common factor of q and u.
3
Suppose 90 = 3*y + k, 18*y = 17*y - 5*k + 30. Calculate the greatest common factor of 40 and y.
10
Suppose -m + 216 = 3*m. Let r(a) be the second derivative of -15*a**3 - 693*a**2/2 - 3*a - 164. Let j be r(-8). Calculate the greatest common factor of m and j.
27
Let j = 4447 + -2420. Let a = j - 1306. Suppose 5*w - 159 = a. Calculate the highest common divisor of 16 and w.
16
Let w = -24222 + 24454. What is the highest common factor of w and 88?
8
Let s(i) = i**3 - 16*i**2 - 25*i - 14. Let x be s(18). Let d = -124 + x. Let o = 43 - 13. Calculate the highest common factor of o and d.
30
Let c(g) = 3*g**3 + g**2 + 7*g - 10. Let h be c(2). Let k be -4*h/(-6) - 8/24. What is the greatest common factor of 7 and k?
7
Suppose 4*y = 0, -3*h - y = -7*h - 4. Let r be (5 + -3)/(2 + h). Suppose -r*i + 168 = i. Calculate the highest common factor of 7 and i.
7
Let q(v) = 13*v + 139. Let u be q(-9). Let r(d) = -d**3 + 19*d**2 + 88*d - 11. Let o be r(u). What is the highest common factor of o and 11?
11
Suppose 0 = -2*p + y + 2657, 2*p + 4*y - 232 = 2430. Let g be (-2)/(-12) + p/18 + 4. Calculate the greatest common factor of g and 12.
6
Let n be (14 - 6)*2805/136. Let v = 86 - 56. Calculate the highest common divisor of v and n.
15
Let p be (-19 + 2)/(17 - (-204282)/(-12015)). What is the greatest common divisor of p and 85?
85
Suppose -5*a - 5730 = -5*d - 1255, -a = 5*d - 4499. Calculate the highest common divisor of d and 62.
31
Suppose 324 = 1558*k - 1546*k. Calculate the greatest common divisor of k and 4968.
27
Suppose 755 = 4*u - v, 34*u = 35*u - 2*v - 194. What is the greatest common factor of 88 and u?
4
Let y be 4/(-1) - (-59 + -21). Let r = y + -24. What is the